ainder when 238452 is divided by 1766.
42
Calculate the remainder when 13506939 is divided by 4502310.
9
What is the remainder when 1018589 is divided by 34?
17
Calculate the remainder when 8378237 is divided by 5035.
5032
What is the remainder when 12520127 is divided by 251?
247
Calculate the remainder when 520646 is divided by 43387.
2
What is the remainder when 1760326 is divided by 432?
358
What is the remainder when 281138 is divided by 281017?
121
What is the remainder when 8010156 is divided by 32?
12
What is the remainder when 1042343 is divided by 521134?
75
What is the remainder when 277270 is divided by 4076?
102
Calculate the remainder when 3584313 is divided by 895701.
1509
What is the remainder when 47545 is divided by 6133?
4614
Calculate the remainder when 2752768 is divided by 20851.
436
Calculate the remainder when 3988308 is divided by 1994146.
16
What is the remainder when 92122 is divided by 4696?
2898
Calculate the remainder when 3470880 is divided by 16219.
14
Calculate the remainder when 14811123 is divided by 19.
15
What is the remainder when 913041 is divided by 304335?
36
What is the remainder when 27471781 is divided by 23703?
4
Calculate the remainder when 194309 is divided by 64337.
1298
What is the remainder when 102019451 is divided by 14?
9
Calculate the remainder when 1739223 is divided by 37807.
101
What is the remainder when 498708270 is divided by 16?
14
What is the remainder when 51190 is divided by 1463?
1448
Calculate the remainder when 9638476 is divided by 611.
562
What is the remainder when 1540750 is divided by 108?
22
What is the remainder when 864229 is divided by 1781?
444
What is the remainder when 315035 is divided by 268?
135
What is the remainder when 476867 is divided by 47?
5
What is the remainder when 308208 is divided by 307549?
659
Calculate the remainder when 95723546 is divided by 2537.
2536
What is the remainder when 4896733 is divided by 1192?
1189
What is the remainder when 94182 is divided by 874?
664
What is the remainder when 2795210692 is divided by 162?
160
What is the remainder when 89993 is divided by 11243?
49
What is the remainder when 68017910 is divided by 9674?
16
What is the remainder when 3603385 is divided by 3793?
35
What is the remainder when 40893352 is divided by 156?
136
Calculate the remainder when 5007488 is divided by 21.
17
Calculate the remainder when 2070324 is divided by 5815.
184
Calculate the remainder when 991743 is divided by 64.
63
Calculate the remainder when 15489389 is divided by 21.
20
What is the remainder when 503892 is divided by 71794?
1334
What is the remainder when 6361236 is divided by 2831?
2810
What is the remainder when 555663 is divided by 46?
29
Calculate the remainder when 1451776 is divided by 55.
51
What is the remainder when 384186 is divided by 1607?
113
What is the remainder when 31714 is divided by 903?
109
Calculate the remainder when 75875510 is divided by 616874.
8
Calculate the remainder when 148711 is divided by 37168.
39
What is the remainder when 98413049 is divided by 7493?
7480
What is the remainder when 47043 is divided by 1684?
1575
Calculate the remainder when 29158 is divided by 8277.
4327
Calculate the remainder when 1170540 is divided by 35468.
96
Calculate the remainder when 2889273 is divided by 94.
89
What is the remainder when 266278 is divided by 664?
14
Calculate the remainder when 232578507 is divided by 46515697.
22
Calculate the remainder when 1596663 is divided by 14129.
86
What is the remainder when 656791 is divided by 65659?
201
What is the remainder when 11340 is divided by 871?
17
What is the remainder when 33714 is divided by 6449?
1469
Calculate the remainder when 1948793 is divided by 140.
133
Calculate the remainder when 1495224 is divided by 2235.
9
What is the remainder when 730966 is divided by 146193?
1
Calculate the remainder when 1285599 is divided by 303.
273
What is the remainder when 2631219 is divided by 274?
271
What is the remainder when 7871253 is divided by 27?
24
What is the remainder when 13657022 is divided by 1276?
1270
Calculate the remainder when 9616393 is divided by 666.
19
What is the remainder when 525174 is divided by 4235?
34
Calculate the remainder when 121450 is divided by 1734.
70
What is the remainder when 8658623 is divided by 325?
298
Calculate the remainder when 7216431 is divided by 153541.
4
What is the remainder when 222512 is divided by 1589?
52
Calculate the remainder when 2008949 is divided by 1722.
1097
What is the remainder when 478419 is divided by 3224?
1267
Calculate the remainder when 215640 is divided by 35924.
96
What is the remainder when 88190973 is divided by 25?
23
Calculate the remainder when 200401 is divided by 916.
713
What is the remainder when 3464722 is divided by 7043?
6609
Calculate the remainder when 23761 is divided by 1611.
1207
What is the remainder when 684076 is divided by 1091?
19
Calculate the remainder when 55872334 is divided by 782.
780
What is the remainder when 1388240 is divided by 1130?
600
Calculate the remainder when 243925 is divided by 5305.
5200
What is the remainder when 95416108 is divided by 219?
217
What is the remainder when 897489 is divided by 618?
153
What is the remainder when 167774709 is divided by 24?
21
Calculate the remainder when 241364 is divided by 17.
15
Calculate the remainder when 26372095 is divided by 6459.
6457
Calculate the remainder when 7653361 is divided by 2551057.
190
What is the remainder when 8553519 is divided by 2851169?
12
Calculate the remainder when 118576 is divided by 2280.
16
What is the remainder when 966655 is divided by 703?
30
Calculate the remainder when 9825724 is divided by 123.
115
Calculate the remainder when 109047286 is divided by 444.
442
What is the remainder when 62068 is divided by 5811?
3958
Calculate the remainder when 39854138 is divided by 10105.
18
What is the remainder when 915159 is divided by 762?
759
Calculate the remainder when 654494843 is divided by 5.
3
Calculate the remainder when 1459461 is divided by 3159.
3
Calculate the remainder when 675798 is divided by 1909.
12
What is the remainder when 1337361 is divided by 1388?
717
What is the remainder when 35972002 is divided by 7301?
7276
What is the remainder when 1064494 is divided by 81883?
15
What is the remainder when 132828 is divided by 132785?
43
What is the remainder when 1294710 is divided by 22714?
12
What is the remainder when 1901825 is divided by 90?
35
What is the remainder when 241775 is divided by 128?
111
Calculate the remainder when 9190249 is divided by 672.
649
Calculate the remainder when 742771 is divided by 132.
7
What is the remainder when 35452496 is divided by 2363499?
11
Calculate the remainder when 973862 is divided by 2814.
218
Calculate the remainder when 41447 is divided by 13316.
1499
What is the remainder when 69446975 is divided by 45?
5
What is the remainder when 120659 is divided by 15?
14
What is the remainder when 848078 is divided by 34?
16
What is the remainder when 41629570 is divided by 426?
424
Calculate the remainder when 10674 is divided by 1006.
614
What is the remainder when 90203090 is divided by 208?
146
What is the remainder when 290235284 is divided by 55?
9
What is the remainder when 245969706 is divided by 35?
31
Calculate the remainder when 4999943 is divided by 45.
38
Calculate the remainder when 6619 is divided by 170.
159
Calculate the remainder when 12247036 is divided by 1489.
11
What is the remainder when 39180513 is divided by 10929?
48
Calculate the remainder when 1007398 is divided by 2027.
2006
What is the remainder when 2460720 is divided by 410119?
6
What is the remainder when 7776213 is divided by 4851?
60
Calculate the remainder when 2873945 is divided by 167.
42
What is the remainder when 2796714 is divided by 2710?
2704
Calculate the remainder when 18167092 is divided by 64422.
88
What is the remainder when 127298 is divided by 7954?
34
Calculate the remainder when 20138 is divided by 610.
8
What is the remainder when 184477 is divided by 6?
1
What is the remainder when 390044 is divided by 968?
908
What is the remainder when 6526595 is divided by 153?
74
What is the remainder when 31307469 is divided by 5292?
5289
What is the r